Let n be k(-2). Let v = n + 4. Suppose -56 = -4*q + 3*l, -3*q + v*q + 4*l + 49 = 0. What is the units digit of q?
1
Suppose p + 0*p = 1. Let l = p + 5. What is the units digit of l?
6
Let g = -20 + 17. What is the tens digit of (-4 - (g + 44))*-1?
4
Let o = 6 + -3. Suppose -o*k = 4*t - 3*t + 2, -2*t - k = 9. Let c = -3 - t. What is the units digit of c?
2
What is the tens digit of (3 - (-5 + 9))*-1*29?
2
Suppose -4*n - 4*m = -412, -n = -2*n + m + 101. What is the hundreds digit of n?
1
Let z = -11 + 23. What is the tens digit of z?
1
Let k(h) = -3*h**3 + 2*h**2 - 3*h + 1. Let r(f) = f**3 - f**2 + f. Let i(g) = k(g) + 2*r(g). Let o be i(2). What is the units digit of (-3 + (-21)/(-9))*o?
6
Suppose 0 = 5*a + 5*u - 945, -u + 0*u = 3. What is the units digit of a?
2
Suppose 6 = -x + 4*t + 49, -3*t = 5*x - 330. What is the units digit of x?
3
Let d = 793 - 353. What is the tens digit of d?
4
Let t = 0 - -2. Suppose -t*c + 4 = -h, -4 - 4 = -3*c + 2*h. What is the tens digit of -24*(c - (-3)/(-6))?
1
Let w(r) = 21*r - 9. What is the hundreds digit of w(8)?
1
What is the hundreds digit of 34/51 - 499/(-3)?
1
Suppose -5*n + 340 = -530. What is the tens digit of n?
7
Let w be -4*(-1)/2 - -2. Suppose 0 = -4*h - 3*x + 95, -2*h + 0*x - w*x = -60. What is the tens digit of h?
2
Let v = 15 + -6. Let q(g) = -g**3 + 10*g**2 - 10*g + 13. Let d be q(v). Suppose 2*r - 7*r - d*u = -45, 0 = 4*r - u - 15. What is the units digit of r?
5
Let q(d) = 6*d**2 + 2*d - 28. What is the tens digit of q(6)?
0
Suppose -2*x + 52 = 2*x. Let v = -3 + x. What is the units digit of v?
0
Let h = 40 + -25. What is the tens digit of h?
1
Let w(i) = 3*i + 1. Suppose y - 9 = -0*y. Let m(z) = 13*z + 5. Let d(a) = y*w(a) - 2*m(a). What is the units digit of d(5)?
4
Let z(m) = m**3 + m - 48. Let h be z(0). What is the units digit of h/40*(-5)/2?
3
Suppose -6*w + w = 75. Let k = -11 - w. Suppose n - k = -0*n. What is the units digit of n?
4
Let t be 13/7 - (-1)/7. Suppose -3*x + t*x + 85 = 3*g, 0 = 5*g - 4*x - 170. What is the tens digit of g?
3
Let y(k) = 2*k - 10. Let c be y(-9). Let m = -13 - c. What is the units digit of m?
5
Let w(i) = -i**2 + 2*i + 4. Let n be w(3). Let m = n + -14. Let b = 4 - m. What is the tens digit of b?
1
Let x(i) = i**2 + 9*i - 1. What is the units digit of x(-15)?
9
Let i(y) = -265*y + 16. What is the tens digit of i(-1)?
8
Suppose 3*c - 5*f + 17 = -4, f - 11 = 4*c. What is the units digit of 25 + c - (2 + 1)?
0
Let o(p) = 6*p - 13. What is the units digit of o(6)?
3
Let y(p) = -p**2 - 13*p - 9. What is the units digit of y(-8)?
1
Let u(q) = -7*q**2 - 2*q - 2. Let y(k) = -15*k**2 - 3*k - 3. Let w(j) = 13*u(j) - 6*y(j). What is the units digit of w(-6)?
4
What is the tens digit of ((-6)/12)/(1011/(-336) + 3)?
5
Let o = 334 + -97. What is the tens digit of o?
3
Suppose -2*v = -t + 17, 4*v + 21 = 5*t - 34. What is the units digit of t?
7
Let i = -21 - -33. Let q be ((-225)/i)/(-5)*4. What is the units digit of 204/q + (-6)/(-15)?
4
Suppose -3*p = -p - 6. Suppose -3*y - 4*i = -33, 5*y - 47 = -7*i + p*i. Let n = y + -4. What is the units digit of n?
3
Let y(w) = w**3 + 10*w**2 + 10*w + 12. Let q be y(-9). Let d be 13/5 + q/(-5). Suppose -k = -2 - d. What is the units digit of k?
4
Suppose 2*j = -3*j + 10. Suppose 4*a + 55 = 155. Suppose 4*d - a = -k, -3*k = -k + j*d - 32. What is the units digit of k?
3
Let a = -12 - -7. Let b(k) = k**3 + 5*k**2 - 4*k + 1. What is the tens digit of b(a)?
2
Let j be 27/(-3)*4/(-6). Let b(y) = -y**3 + 7*y**2 - 6*y + 2. Let n be b(j). What is the units digit of -1 + -1 + 10 + n?
0
Let d(u) = 16*u + 14. What is the units digit of d(8)?
2
Let u(c) = -32*c - 1. Let h be u(-2). Suppose 18 = 5*q + h. Let d = q + 16. What is the units digit of d?
7
Suppose -3*a - 8 = 5*j, -2*j - 28 = -0*j - 5*a. Let u be (-1 - j) + (-72)/(-3). Suppose 0 = 2*h + 3*b - 18, -3*h = b - 0*b - u. What is the units digit of h?
9
Suppose z + 2*d - 6 = 0, -2*z = -3*z + 4*d. Suppose 0*p + 5*b + 65 = z*p, 5*p + 3*b - 109 = 0. What is the tens digit of p?
2
Let x(i) = i - 1. Let m(w) = 5*w - 3. Let h(c) = m(c) - 4*x(c). Let f be h(2). Suppose -f*n + 6*n - 45 = 0. What is the units digit of n?
5
Let i be 4/(-22) - (-60)/(-33). Let y(b) = 3*b**2 + 3*b. What is the units digit of y(i)?
6
Let n = 6 + -3. Suppose -x = -n*x. Suppose 2*v - 3*v + 10 = x. What is the units digit of v?
0
Let p(j) = j**3 - 8*j**2 + 10*j - 4. What is the tens digit of p(7)?
1
Suppose -2*s + 5*k + 21 - 3 = 0, 3*s - k = 14. Let f(w) = s*w - 2*w - 24*w. What is the tens digit of f(-1)?
2
Suppose -5*q - 1 = -2*q - 4*o, q = -4*o + 21. What is the units digit of q?
5
Let o(n) = 3*n**2 + n**2 - 4*n**2 - 10*n + 3 - n**2. What is the units digit of o(-9)?
2
Let k = 40 + 46. What is the units digit of k?
6
Let i = -10 - -13. Suppose -4*q = -5*z - 36, i*q + z + 0*z - 46 = 0. What is the units digit of q?
4
Let j(s) = -s + 38. Let w be j(6). Suppose -c + 34 = -3*y, y + 0*y + 16 = -2*c. Let i = y + w. What is the units digit of i?
0
Suppose 4 = -5*i + i. Let w be 1*i/1*4. Let r(k) = -k**2 - 5*k - 3. What is the units digit of r(w)?
1
Suppose -t = 4*i - 29, 0 = t + i - 4*i - 50. What is the tens digit of t?
4
Let u = 58 - -17. What is the tens digit of u?
7
Suppose -3*w = 3, 3*t + 5*w = 5*t - 223. Let c = t + -78. What is the tens digit of c?
3
Suppose -6*z + 40 = -z. Suppose 0 = -2*n + 20 + z. What is the units digit of n?
4
Let x be ((-12)/(-10))/((-1)/(-5)). Suppose 3*b - 7*b = -16, -4*d = b - 28. What is the units digit of (x/d)/(1/5)?
5
Let m(c) = -c**2 - 3*c + 9. Let v be m(-4). Suppose v*k = 4*k + 31. What is the units digit of k?
1
Suppose 178 = -5*k - 17. Let x = -15 - k. What is the units digit of x?
4
Suppose 5*q = -21 - 9. Let w = q + 27. What is the units digit of w?
1
Let i = -109 - -241. What is the tens digit of i?
3
Let x(n) = 7*n - 1. Let u be x(1). Let y(h) = 2*h - 6. What is the units digit of y(u)?
6
Suppose -2*l + 0*l = -18. Let r = 12 - l. What is the units digit of r?
3
Let w = 18 + 18. What is the units digit of w?
6
Let f = -10 - -17. Let i = f - 5. What is the units digit of i?
2
Let y = 47 + -19. What is the units digit of y?
8
Suppose -4*x + 32 = 5*o - o, -11 = 3*o - 4*x. Let f(g) = g**o - 6*g**2 + 7*g - g - 2*g**3. What is the units digit of f(-7)?
7
Let a be -2 + 0 + (-10 - -8). Let h(p) be the first derivative of p**3/3 + 2*p**2 + 6*p + 1. What is the units digit of h(a)?
6
Suppose -5*g - 4*u + 61 = -2*u, 5*g - 2*u = 69. What is the units digit of g?
3
Suppose -3*g + 28 = 2*o - 11, 5*o + g = 130. What is the units digit of o?
7
Let w(x) = x + 4. Let i(z) = 4*z**2 - 9*z + 5. Let u(o) = 3*o**2 - 8*o + 5. Let r(f) = -2*i(f) + 3*u(f). Let m be r(6). What is the units digit of w(m)?
9
Suppose -4 = 4*o + f, -5*f - 20 = -0*o - 2*o. Let v(d) = d**3 + d**2 + 13. What is the units digit of v(o)?
3
Let v = -8 + 4. Suppose -5*q - p + 46 = 3*p, -10 = q - 4*p. Let u = v + q. What is the units digit of u?
2
Let i = 12 - 18. Let m(j) = -j**3 - 6*j**2 - 4*j - 4. What is the tens digit of m(i)?
2
Let g(z) = 12*z + 2. Let c be g(1). Let d = -5 + 3. Let r = c + d. What is the tens digit of r?
1
Suppose 0 = -4*s, 2*c + 4*s = c + 30. Let y = c + -17. Let r = 35 - y. What is the units digit of r?
2
Suppose 0 = a + f - 35 - 207, 5*f = 5*a - 1210. What is the units digit of a?
2
Let v(q) = 3*q. Let o be v(-2). Let k(x) = -x + 1. What is the units digit of k(o)?
7
Let r = -36 - -79. What is the units digit of r?
3
Let o = -65 - -92. Suppose -3*m = -3*r + o, -4 = -3*r + 8. What is the units digit of (-50)/m*2/2?
0
Let s(l) = -8*l + 6. Let i(h) = -7*h + 5. Let t(n) = 5*i(n) - 4*s(n). Let u(a) = a**2 - 11*a - 2. Let q be u(11). What is the units digit of t(q)?
7
Let b be -2 + 1 + -4 + 0. Let l(g) = -4*g. Let p be l(3). Let x = b - p. What is the units digit of x?
7
Let x(v) = 134*v - 26. What is the hundreds digit of x(2)?
2
Let x(n) = -n**3 + 10*n**2 + 4*n - 23. What is the units digit of x(10)?
7
Suppose 20 = 4*s - g - 3*g, 5*g = 3*s - 13. Suppose 0 = m - 5, -k - 4*m - 170 = -s*k. What is the units digit of k?
8
Let v(i) = i**2 - 3*i + 2. Let z be v(5). Suppose 0 = f - 4*f + z. What is the units digit of f?
4
Let i(n) = 5*n - 2. What is the tens digit of i(3)?
1
Let l(y) = 14*y + 1. Let s be l(-2). Le